5, 19
Suppose u = -4*b + 2 + 10, b - 2*u - 3 = 0. Let s be 117/63 - b/(-21). Suppose -2*g + 5*m = -147, -5*g + 284 = -s*m - 52. What are the prime factors of g?
2, 3, 11
Let s = -112 + 124. Let n = 15 - s. Suppose n*r = 4*t - 155, -2*t + 3*r + r = -90. What are the prime factors of t?
5, 7
Suppose 4*s + 1367 = 63. Let c = s + 789. What are the prime factors of c?
463
List the prime factors of (20 + -16)/((-3 - 1) + 2) - -48849.
48847
Suppose 3564 = -13*n + 52218 + 1565. List the prime factors of n.
3863
Suppose 7525*m - 7538*m = -347594. List the prime factors of m.
2, 29, 461
Suppose -1173*a + 1181*a = 224. Let r(o) = o**3 - 11*o**2 + 9*o + 9. Let q be r(10). What are the prime factors of ((-21)/a*2)/(q/20)?
2, 3, 5
Suppose -30*u = 31431 - 68068 - 49553. List the prime factors of u.
13, 17
Suppose 2*z = -2*z - 14*z. Suppose 13*c - 1995 = 8*c - 2*q, 2*c - 5*q - 769 = z. List the prime factors of c.
397
Let a(n) be the second derivative of -3*n**3/2 - 60*n**2 - 140*n. What are the prime factors of a(-55)?
3, 5
Let z = 7927 + 2768. List the prime factors of z.
3, 5, 23, 31
Suppose 0 = 412*n - 1697035 - 389310 - 358051. What are the prime factors of n?
17, 349
Suppose 6*s - 3 - 27 = 0. Suppose 3490 = s*n + 1095. What are the prime factors of n?
479
Let g(q) = -108*q + 2. Let m be g(-7). Let r = -445 + m. What are the prime factors of r?
313
Let q be (-2)/(-8) + 3998/8 - -1. Suppose -3*j = 2*g - q, j = -3*g + 79 + 88. List the prime factors of j.
167
Let v(m) = m**3 - 54*m**2 + 37*m + 139. What are the prime factors of v(54)?
2137
Let x be (-20)/(-4)*17/5*-58. Let j = -647 - x. What are the prime factors of j?
3, 113
Let t = 47 + -55. What are the prime factors of (742/t)/((-1)/4)?
7, 53
Suppose 4*i = -20, -2*h + 2*i = 89 - 35. Let q be ((-3)/(-2))/((-24)/h). Suppose 64 = -q*m + 214. What are the prime factors of m?
3, 5
Let k be 38/12 - 7/42. Suppose k*u - 2*u = z + 41, -2*z = 2*u - 82. Let v = u + -10. List the prime factors of v.
31
Suppose 37*i = 33*i + 24. Suppose -3*n = 5*m - 266, n + i*m = 3*m + 90. List the prime factors of n.
3, 29
Let x be ((-3)/6*5)/((-3)/6). Suppose 28 = x*c - 0*c - 4*j, -c = -5*j - 14. Suppose -c*b + 3*f = -261, -3*b = -2*b - f - 65. List the prime factors of b.
2, 3, 11
Suppose 0*a + 80 = 10*a. Suppose -7*j + a*j - 262 = 0. What are the prime factors of j?
2, 131
Let a(x) = -9*x + 68. Let r be a(7). Suppose r*i = 2716 + 199. What are the prime factors of i?
11, 53
Suppose 67*i + 6493 = 186*i - 194022. What are the prime factors of i?
5, 337
Suppose -7*m + 20 = 3*m. Suppose -4*i - 20 = 0, -h - m*i + 18 - 2 = 0. List the prime factors of 4*(-1)/h - (-1434)/26.
5, 11
Let u = -12553 - -23636. What are the prime factors of u?
11083
Let m(i) = -4*i**3 + i**2 - 1. Let d be m(-1). Let c be (d + -3)*0 - 408/4. Let w = c - -180. List the prime factors of w.
2, 3, 13
Let m(r) = 106*r - 1. Suppose 3*n + 5*k - 7 = 0, 2*n + 2*k + 0 = 2. Let d be m(n). Let a = d - -234. List the prime factors of a.
127
Let j(w) be the first derivative of -3*w**4/4 - 2*w**3 - 4*w**2 + 2*w + 10. Suppose 2*t - 6 = -k - 0*t, t = 3*k + 17. List the prime factors of j(k).
2, 5, 13
Suppose -4*p - 13*r + 52589 = -10*r, -3*p - r + 39433 = 0. List the prime factors of p.
2, 6571
Let a(p) = p**3 + 5*p**2 - 9*p - 4. Let z be a(-7). Let v = -34 - z. Suppose v*m - h = 814, 332 = 2*m + 4*h - 6*h. What are the prime factors of m?
2, 3
Let n be (-18)/(-15)*(-4 - (-13)/2). Suppose m - 2*p = -n*p + 7, m - 1 = p. What are the prime factors of (-5)/(-2) + (-2)/m?
2
Let u(z) = 470*z + 16. Let v be (25/(-15))/((-10)/18). What are the prime factors of u(v)?
2, 23, 31
Let z(d) = -27*d - 73. Let i be z(-6). Suppose 3*g + 4*f = i, f - 21 = -4*g + 115. List the prime factors of g.
5, 7
Let p = -109 - -108. What are the prime factors of p - ((-2042)/7 - (-8)/(-28))?
3, 97
Suppose -2*o - 3*j + 14144 = 0, -51*j = -4*o - 46*j + 28288. List the prime factors of o.
2, 13, 17
Let x(w) = -5*w + 8*w - 2 - 3*w**2 + 3 + 29*w**2. List the prime factors of x(4).
3, 11, 13
Let g(o) = 229*o**2 + 28*o + 268. What are the prime factors of g(10)?
2, 3, 977
Suppose 62762 + 140413 = 43*j. What are the prime factors of j?
3, 5, 7
Suppose 61216 = -61*h + 65*h. What are the prime factors of h?
2, 1913
Let w = 60602 + -19592. List the prime factors of w.
2, 3, 5, 1367
Suppose 0 = 5*w + 5, -3*h = -5*w + w + 1535. Let s = 101 - h. List the prime factors of s.
2, 307
Suppose 0 = 5*r - 2*i + 4, 8*i - 10 = 3*i. Suppose r = 7*u - 69 - 43. Suppose -2*k + u*k - 602 = 0. What are the prime factors of k?
43
Suppose -570 = -10*c + 8*c. Let a = 428 - c. Suppose 81 = 7*t - a. What are the prime factors of t?
2
Let w be (-7 + 6)/((-3)/(-57)). Let o = 33 - w. List the prime factors of o.
2, 13
Let t be 6 + (75/(-100) - 5/4). Suppose -869 = -5*m - t*y + 149, 3*m + 2*y = 610. What are the prime factors of m?
2, 101
Let a = 587 + -32. Let f = a + -25. List the prime factors of f.
2, 5, 53
Suppose -2*k + 3*z + 18 = 0, 4 = k + 3*z - 2*z. Suppose k = -3*c + 5*c. What are the prime factors of 141/3 - (5 - c)?
3, 5
Suppose -2*f - 5*s - 9675 = -7*f, 0 = -2*f + s + 3871. Suppose -f = -48*d + 44*d. List the prime factors of d.
2, 11
Suppose -28*d + 43 = -97. Suppose -35*x - d*x = -71840. What are the prime factors of x?
2, 449
Let b(w) = -w**3 + 15*w**2 - 9*w + 24. Suppose -13*j + 42 = -10*j. List the prime factors of b(j).
2, 47
Let n(i) = i**3 + 9*i**2 - 3*i - 3. Let l(p) = 8*p - 1. Let z be l(6). Let j = z - 52. List the prime factors of n(j).
2, 7
Let m = -36 + 38. Let t be (-9)/(-30)*-4*(-5)/m. Suppose 2*j = -b + 73, t*j - 133 + 16 = -3*b. List the prime factors of j.
2, 17
Let g(d) = d**3 - 7*d**2 + 7*d + 23. Let v be g(5). What are the prime factors of -15*v*215/(-30)?
2, 5, 43
Suppose 3611 = -8*w + 5*w + s, 0 = 5*w - 2*s + 6017. Let z = -173 - w. What are the prime factors of z?
2, 3, 43
Let l(h) be the second derivative of 7*h + 5/2*h**2 + 2 + 4*h**3. What are the prime factors of l(6)?
149
Let s = 99 - 69. Let k be (75/s + (-1 - 1))*746. Suppose 0 = -4*i + 3*b + 859 - 122, -k = -2*i - 3*b. List the prime factors of i.
5, 37
Let b(l) = 6*l**2 + 15*l - 107. Let z(a) = -2*a**2 - 5*a + 35. Let i(s) = -2*b(s) - 7*z(s). What are the prime factors of i(10)?
3, 73
Let w(b) = -12*b**2 + 3*b - 5. Let h be w(4). Let a = 77 - h. What are the prime factors of a?
2, 131
Let y = 40 - 31. Let n(h) = -h**3 + 11*h**2 + h. List the prime factors of n(y).
3, 19
Let k be 21/(-1 + 0)*216/(-81). Suppose 5*o = -0*u + 2*u + k, -u + 37 = 4*o. Suppose -17*z = -o*z - 105. List the prime factors of z.
3, 5
Suppose -4*f + 237 - 37 = 0. Suppose -14*m + 4*m = -f. Suppose -m*w + 311 = -284. List the prime factors of w.
7, 17
Let b be ((-12)/(-14))/(3/14). Suppose 0 = -5*k - 4*q + 25, -k = -b*k - 4*q + 23. Let l = k - -3. What are the prime factors of l?
2
Let j(s) = 966*s**2 - 44*s + 8. List the prime factors of j(-4).
2, 5, 17, 23
Suppose -4*r + n - 284 = 31, 2*r + 153 = -n. What are the prime factors of (r - -76)*(-1)/((-2)/(-143))?
11, 13
Let u be (0 + 0 - 5)*(10 + -9). Let r(s) be the third derivative of -s**6/40 - 2*s**5/15 - s**4/4 - s**3 - 22*s**2. What are the prime factors of r(u)?
199
Let q = -575 - -569. Suppose n = -5*i + 13, -2*n = -i - 4*i + 4. What are the prime factors of -1*17*n/q*2?
17
Let z = 28458 - 21458. What are the prime factors of z?
2, 5, 7
Let w be 66/99*(-9)/(-2). Suppose 107 = g + 2*c - 210, 1585 = 5*g - w*c. List the prime factors of g.
317
Let w be (-3)/5 + 0 + 56/10. Suppose 3*k + 49 = 61. Suppose -4*g + 3*g = k*v - 119, w*g - 2*v - 661 = 0. What are the prime factors of g?
131
Suppose -z + 170 = -2*x, 6*z + x = 2*z + 671. Suppose -4*s + 141 = 3*f, -3*f = -4*s - s - z. What are the prime factors of f?
3, 17
Suppose g = 5048 - 1082. List the prime factors of g.
2, 3, 661
Let j(n) = -195*n + 47. Let s(h) = h + 2. Let k(v) = j(v) - 5*s(v). List the prime factors of k(-3).
7, 13
Suppose 0 = 4*d - 4*a - 80348, 100414 = 289*d - 284*d - 2*a. List the prime factors of d.
2, 5, 251
Let q(d) = -6*d - 11*d + 18*d + 3. Let l be q(1). Suppose 4 = 2*m, -279 + 19 = -l*i - 2*m. List the prime factors of i.
2
Let s = 7 - 1. Suppose -6*g = -s - 24. Suppose g*j = o - 156, o + 3*o = 3*j + 590. List the prime factors of o.
2, 73
Le